7
In base 3, what is -21101012102 + 1000?
-21101011102
In base 14, what is -22 - 1001?
-1023
In base 16, what is 30d + 161?
46e
In base 14, what is 188d8 + 10?
18908
In base 11, what is -10445 + 1?
-10444
In base 2, what is -1001110 - -11101000?
10011010
In base 9, what is -52804 - 14?
-52818
In base 14, what is 307 - 10?
2d7
In base 4, what is 3232 + 21022?
30320
In base 9, what is 143 - -2057?
2211
In base 6, what is 3435 + 3332?
11211
In base 5, what is 2004 + -1204201?
-1202142
In base 7, what is 5 + 1664?
2002
In base 8, what is 611 - -13124?
13735
In base 9, what is -8610 + -2?
-8612
In base 7, what is -3252 - -5233?
1651
In base 4, what is 1321123 - -13?
1321202
In base 11, what is 6 - 30a5?
-309a
In base 10, what is -712 + 168?
-544
In base 11, what is -14519 - 7?
-14525
In base 6, what is -22 + 1114?
1052
In base 2, what is -1011001 + 1001101111100?
1001100100011
In base 12, what is -11 - -158a?
1579
In base 13, what is 3 + -52a?
-527
In base 5, what is 4 - -34412002?
34412011
In base 8, what is 1165 - 1553?
-366
In base 6, what is -5 + -50153?
-50202
In base 3, what is 22 + -11020200?
-11020101
In base 2, what is 110011000 + 100010?
110111010
In base 16, what is -16 + -1d4d5?
-1d4eb
In base 2, what is 11000111110111100101 + -1?
11000111110111100100
In base 5, what is -11004 - -1?
-11003
In base 13, what is c71 + -77?
bc7
In base 11, what is 0 - -14474?
14474
In base 8, what is 467 + 454?
1143
In base 4, what is -31312033 + 1000?
-31311033
In base 13, what is -b - 3800?
-380b
In base 14, what is 1a4 - -569?
72d
In base 16, what is -48b + -8c?
-517
In base 10, what is -5026 + 12?
-5014
In base 6, what is -131332 - 10?
-131342
In base 11, what is -98 - 1518?
-1605
In base 12, what is 23 - 3735a?
-37337
In base 3, what is 10 - 22000110202?
-22000110122
In base 2, what is -1010100011001 + -100010?
-1010100111011
In base 10, what is 4 - 396?
-392
In base 5, what is -1343242 + 4?
-1343233
In base 15, what is -169 - -4b?
-11d
In base 12, what is -93b - 232?
-b71
In base 6, what is -155 + -22?
-221
In base 5, what is -2 + 142103332?
142103330
In base 13, what is 2 + -705ac?
-705aa
In base 2, what is 1011110100000111 - 1?
1011110100000110
In base 4, what is 11332200220 + 2?
11332200222
In base 13, what is -497 + 62?
-435
In base 16, what is 2 - -c1ec?
c1ee
In base 6, what is -5222110 - 2?
-5222112
In base 13, what is 14419 + 0?
14419
In base 5, what is 114304 + -1030?
113224
In base 3, what is 202 - 10112010?
-10111101
In base 12, what is 1 - -134121?
134122
In base 2, what is -100000110000 + 11?
-100000101101
In base 2, what is -101110011100001 + -10?
-101110011100011
In base 8, what is -4540536 - 4?
-4540542
In base 11, what is 8 - 1870?
-1863
In base 4, what is -301 + -2311?
-3212
In base 11, what is 846 + 32?
878
In base 8, what is 1711150 + -3?
1711145
In base 8, what is -1075537 + -5?
-1075544
In base 5, what is -22 + -122443?
-123020
In base 9, what is -3641 - 23?
-3664
In base 16, what is -5 + -83a?
-83f
In base 9, what is -2 + 2424?
2422
In base 16, what is -118df + -3?
-118e2
In base 6, what is 515 - 44100?
-43141
In base 14, what is -19 + -c97?
-cb2
In base 13, what is -7a7 - -28a?
-51a
In base 14, what is 574c + -8?
5744
In base 9, what is 1212 - -102?
1314
In base 14, what is dc3 + -2d1?
ad2
In base 3, what is 11201200012 - -12?
11201200101
In base 11, what is -996 - 317?
-1202
In base 16, what is ae32 + 12?
ae44
In base 6, what is 12245312 - 12?
12245300
In base 9, what is 8113 - 18?
8084
In base 5, what is 1032 - 2414?
-1332
In base 5, what is 4 - 241243324?
-241243320
In base 15, what is -a + -156c?
-1577
In base 15, what is -42a8 + -4?
-42ac
In base 4, what is 3103110 + -203?
3102301
In base 7, what is -2 + -21666005?
-21666010
In base 6, what is 132 - 34000?
-33424
In base 6, what is -2 - 112044?
-112050
In base 11, what is a3 - -8a3?
996
In base 13, what is -3 - 187a?
-1880
In base 14, what is -26432 - 3?
-26435
In base 7, what is -25 + 21154?
21126
In base 4, what is 232 + 2001200?
2002032
In base 3, what is 120010200201 + -12?
120010200112
In base 8, what is 4134 + -351?
3563
In base 7, what is -13 + -4320?
-4333
In base 12, what is 1147a2 + 5?
1147a7
In base 11, what is 2 - 13a1?
-139a
In base 6, what is 5 + 102522?
102531
In base 6, what is -201 + -5354?
-5555
In base 8, what is 2532 - 33?
2477
In base 11, what is 34562 - 1?
34561
In base 11, what is -15 + 2205?
21a0
In base 6, what is 2302 + 1522?
4224
In base 12, what is -3 + -302?
-305
In base 6, what is -3 + -415235?
-415242
In base 3, what is -2020 + -10020000?
-10022020
In base 4, what is 13200321 - -12?
13200333
In base 16, what is -1e3d + -67?
-1ea4
In base 7, what is 1202120 + -2?
1202115
In base 13, what is 14 + -6aba?
-6aa6
In base 13, what is -89a + -18c?
-a59
In base 13, what is 147570 + -4?
147569
In base 10, what is -15940 + 4?
-15936
In base 6, what is 430 - -4251?
5121
In base 12, what is 18 + -1458?
-1440
In base 4, what is 13133 + 2203?
22002
In base 6, what is 15031 - -15?
15050
In base 6, what is -2402455 + -1?
-2402500
In base 2, what is -1110 - -1010101001110?
1010101000000
In base 7, what is 2 - 20632?
-20630
In base 2, what is -100100 - 11111001110101101?
-11111001111010001
In base 9, what is 50 + -22453?
-22403
In base 9, what is -22014 + -6?
-22021
In base 6, what is -14 - 305?
-323
In base 3, what is 1112 + 2002?
10121
In base 9, what is 46 - -8708?
8755
In base 11, what is 2615 + 4?
2619
In base 14, what is -3 + -749b?
-74a0
In base 6, what is -12 - -443003?
442551
In base 9, what is -1712 + 1433?
-268
In base 5, what is 3204023 - -1?
3204024
In base 11, what is 0 - -21a76?
21a76
In base 4, what is -10133 - 1?
-10200
In base 3, what is 10 + -21020022?
-21020012
In base 13, what is -6 - 11b8?
-11c1
In base 8, what is 125 - 1633?
-1506
In base 4, what is -1100212 - -103?
-1100103
In base 4, what is 3 - -3232132023?
3232132032
In base 15, what is -766e7 - -1?
-766e6
In base 7, what is 5504145 + -12?
5504133
In base 15, what is 4 + -8137?
-8133
In base 7, what is 63 - 4?
56
In base 15, what is 1e0 - -1d1?
3c1
In base 10, what is -1 + -475610?
-475611
In base 5, what is 11 - -24143001?
24143012
In base 11, what is -6404 + 10?
-63a4
In base 3, what is -20200 + 212?
-12211
In base 9, what is 514 - 626?
-112
In base 11, what is -12 + 4545?
4533
In base 10, what is 9915 - 37?
9878
In base 9, what is 0 - -7188?
7188
In base 8, what is 32 + -3123?
-3071
In base 16, what is -4 - f635e?
-f6362
In base 8, what is -6 + 1341220?
1341212
In base 13, what is 8ba5 - 46?
8b5c
In base 12, what is -5 + 1717?
1712
In base 3, what is 21 + -210100?
-210002
In base 11, what is -2 - -15290?
15289
In base 9, what is 55 + 11155?
11221
In base 4, what is -102 + -32332301?
-32333003
In base 6, what is 324512 + 0?
324512
In base 7, what is -2 - 520155?
-520160
In base 2, what is 101 + 1100111111111011011?
1100111111111100000
In base 6, what is -34440 + 5?
-34431
In base 14, what is 844c0 + -3?
844bb
In base 13, what is 489b - 11?
488a
In base 16, what is 3 + 6833?
6836
In base 9, what is 2 - -251206?
251208
In base 9, what is -40 + 1481?
1441
In base 16, what is 1 + 2527d?
2527e
In base 9, what is 4 - -7721?
7725
In base 16, what is f4 + -1fb?
-107
In base 5, what is 4 - 23024411?
-23024402
In base 11, what is 469660 + 5?
469665
In base 9, what is -256 + -15152?
-15418
In base 12, what is -1b519 + 5?
-1b514
In base 6, what is -10145102 + 2?
-10145100
In base 11, what is -5 - -2644?
263a
In base 8, what is 305 + -1315?
-1010
In base 2, what is -11100110011 - 10010001001?
-101110111100
In base 5, what is 4 - -3040133?
3040142
In base 4, what is -21 + 11033?
11012
In base 13, what is -5 + 43b53?
43b4b
In base 9, what is 6610810 - 4?
6610805
In base 10, what is -1823 + 2418?
595
In base 4, what is -210200 - 3212?
-220012
In base 2, what is -101001110 - -100010001001?
11100111011
In base 14, what is -2a4 + d?
-295
In base 8, what is -3 - -11635?
11632
In base 12, what is 1462 + 37a?
1820
In base 14, what is 39c9c + -4?
39c98
In base 13, what is -69282 + 4?
-6927b
In base 8, what is -5 + -21760?
-21765
In base 10, what is 254046 + 5?
254051
In base 15, what is 10 - -129e?
12ae
In base 5, what is -13 - -1202031?
1202013
In base 11, what is a7a33 - -4?
a7a37
In base 10, what i